 the greatest common divisor of 34 and s.
17
Let z(a) = a**2 + 2. Let b be z(0). Suppose 2*y - g + 21 = 4*y, -6 = b*g. Let k = -17 + 29. Calculate the greatest common divisor of k and y.
12
Let n(b) = b**2 + 4*b - 1. Let f be n(-7). Suppose i - f = -3*i. Suppose -i*r + 2*r + 18 = 0. Calculate the highest common factor of r and 66.
6
Let q = -9 - -10. Calculate the highest common divisor of 9 and q.
1
Let d(o) = 2*o**3 + 1. Let m be d(-3). Let p = 93 + m. What is the highest common divisor of 8 and p?
8
Let i = 7 - 18. Let s(p) = 2*p - 2. Let z be s(2). Let y be i/(-1) - z/2. What is the highest common divisor of 25 and y?
5
Let t be -5*5/((-50)/36). Let g be (t/(-7))/(15/(-140)). What is the greatest common factor of 12 and g?
12
Let m(z) = -40*z + 10. Let d be m(-2). Let o(g) = -37*g**3 + g. Let u be o(-1). Calculate the highest common divisor of u and d.
18
Suppose 0 = -2*a + 2*q - 3*q + 10, q = -5*a + 28. Calculate the greatest common divisor of 48 and a.
6
Let z be (-3*1)/((-3)/10). Let q be -44 - ((-1)/(-1))/1. Let w = q - -70. Calculate the greatest common divisor of w and z.
5
Let z(q) = 3*q**3 - q**2 - q. Let k be z(2). Suppose 2*a + 2*c = 3*a - 4, 0 = -4*c + 12. Let j = a - 4. Calculate the greatest common factor of k and j.
6
Let t(s) = -5*s + 12. Let r be t(-8). What is the greatest common factor of 130 and r?
26
Suppose 7 = -2*n + 23. Let c(d) = 2*d**2 + d - 2. Let o be c(-2). Suppose 6 = o*p - p. Calculate the greatest common divisor of p and n.
2
Suppose -2*x - 17 = 5*h, -5*x - 2*h + 0 = 11. Let k = x + 8. What is the highest common factor of 63 and k?
7
Let b = 28 + 2. Suppose -2*u - n - n = -b, -4*u + 60 = -5*n. Let y = u + -7. What is the greatest common divisor of y and 64?
8
Suppose 3 = -3*a + 9. Suppose -3 - 5 = -a*o. Suppose 86 = 3*s + 3*n - n, 118 = o*s + n. Calculate the highest common divisor of s and 15.
15
Let f(u) = -u + 12. Let z be f(8). Let d be 2 + z*(4 - 3). Suppose 5 = 3*v + 4*i - 4, 15 = 5*v - 4*i. Calculate the highest common factor of d and v.
3
Suppose 6*w = w + 65. Calculate the highest common factor of w and 351.
13
Let m(f) = f**2 + 8*f + 12. Let v be m(-7). Calculate the highest common factor of v and 25.
5
Suppose 3*o + 2*o - 5*w - 290 = 0, 5*o = -w + 260. Let k = o + -29. Calculate the greatest common divisor of 16 and k.
8
Let a be (540/16)/((-5)/(-20)). What is the greatest common factor of a and 15?
15
Suppose -l + j = -7, -21 = -3*l + j - 6*j. Let s be (0 - -27) + (9 - l). Let i = s + -11. What is the greatest common factor of 12 and i?
6
Let c(d) = d**3 + 4*d**2 + 4*d + 3. Let s be c(-2). Suppose -7 = -3*m - 0*f - 4*f, s*m = 2*f + 37. What is the greatest common factor of 63 and m?
9
Let s(k) = k**3 + 7*k**2 + 6*k + 1. Let o be s(-6). Suppose -2*f + 46 = 4*g, 3*g - 2*g = -3*f + 24. What is the greatest common factor of g and o?
1
Let f be 534/33 + 4/(-22). Calculate the greatest common divisor of 24 and f.
8
Suppose -205 = 22*b - 27*b. What is the greatest common factor of 369 and b?
41
Suppose -q + 2*l = 3*q - 198, 0 = -3*q + 5*l + 145. Calculate the highest common factor of q and 20.
10
Let v = -20 + 18. Let y = v + 27. Calculate the greatest common factor of 200 and y.
25
Suppose -3*g - 2*c = -1477, 0*g + c + 2479 = 5*g. What is the highest common divisor of g and 55?
55
Let n(u) be the first derivative of -u**3/3 + 7*u**2/2 + 3*u - 3. Let s be n(6). What is the greatest common factor of 72 and s?
9
Let x(z) = 2*z**2 + 8. Let i be x(-6). Let v(j) = -j**3 - 9*j**2 - 14*j + 10. Let o be v(-7). Calculate the highest common divisor of o and i.
10
Let c(f) = -f + 7. Let q = 10 - 7. Let g be c(q). What is the highest common factor of 20 and g?
4
Suppose -4*v = -175 - 433. Suppose -g - 3*j - 3 = -32, -2*g - 4*j + 60 = 0. Suppose g - v = -5*l. What is the greatest common divisor of 60 and l?
12
Suppose -16*m = -11*m - 240. Calculate the highest common divisor of 48 and m.
48
Let v(b) = -b + 7. Let f be v(3). What is the highest common divisor of f and 36?
4
Let d(n) = n**3 - 10*n**2 - 4*n + 18. Let f be d(11). Calculate the greatest common divisor of 19 and f.
19
Let o be 247 - (2 + (-6)/2). Let p = o - 176. What is the greatest common factor of p and 8?
8
Let k = 17 - -7. Let g = -8 + k. Calculate the highest common divisor of g and 48.
16
Let r(n) = -2*n - 3. Let i be r(-3). Calculate the highest common factor of 9 and i.
3
Suppose 4*o - 2*q - 2*q - 64 = 0, 5*q = -4*o + 73. What is the greatest common factor of 68 and o?
17
Suppose -3*t + 11 = -5*h, 0 = -t - 4*h + 4 + 11. What is the highest common divisor of 77 and t?
7
Let l(a) be the second derivative of -a + 0 - 13/6*a**3 - a**2. Let j be l(-2). Calculate the highest common factor of 12 and j.
12
Suppose -2*p - 2*p = -88. Suppose 0 = -3*a + 8*a - 10. What is the greatest common factor of a and p?
2
Let s be 1392/54 - (-4)/18. Let m = 886 - 626. What is the greatest common factor of s and m?
26
Let m(b) = 4*b - 10. Let t be m(8). Calculate the highest common divisor of t and 33.
11
Suppose -8*x - x = -504. What is the greatest common factor of x and 8?
8
Let n(q) = 12*q - 50. Let k be n(5). What is the greatest common divisor of 50 and k?
10
Suppose c = -3*w + w - 1, 4*c - 16 = 2*w. What is the highest common factor of c and 33?
3
Let f = -2 - -19. Suppose 2*q + 2 = 274. Calculate the highest common divisor of q and f.
17
Let o = 11 - 6. Let l be 25 + -1 + o + 0. What is the highest common divisor of l and 261?
29
Let c(x) = 2*x**2 + 4*x - 5. Let z be c(4). Let p = -19 + z. Let y be 6/(-12)*-6*2. What is the highest common factor of p and y?
6
Let v be (-56)/(-10) - 40/(-100). Let k be 5*1/((-15)/(-18)). Calculate the greatest common divisor of v and k.
6
Suppose -f - 51 = 2*f. Let n = f - -27. What is the greatest common divisor of n and 5?
5
Suppose -73 = -n - 2*b, -5*n + b = -184 - 126. Calculate the highest common divisor of n and 9.
9
Let j be (-3)/(2*3/(-4)). Suppose 0 = j*l + l - 18. Let p be 7 + -2 + 1 + 0 + -2. What is the highest common factor of l and p?
2
Let k(q) = 8*q + 2. Let t be k(2). Let w = -57 - -84. Calculate the highest common factor of t and w.
9
Suppose -b - 8 = -2*b. Suppose 3*h = -3*l + 81, 4*l + 5*h - 39 = 3*l. Let o = -16 + l. Calculate the highest common factor of o and b.
8
Let p(c) = c**2 + 6*c - 60. Let h be p(6). Let l = 4 + -2. Suppose -3*j - l*j = -180. Calculate the greatest common factor of j and h.
12
Let c = -5 + 7. Let p(r) = -2*r + 10. Let u be p(4). Calculate the greatest common divisor of u and c.
2
Let r = -278 + 439. What is the greatest common factor of 23 and r?
23
Suppose 0*b - a = b - 7, -b + 1 = -5*a. What is the greatest common factor of 9 and b?
3
Let x be -24*(2 - 20/6). Suppose -3*o = 2*n - 2*o - 15, -4*n + 2*o = -34. What is the highest common divisor of x and n?
8
Suppose -42 = -2*z - 130. Let o = 63 + z. What is the highest common factor of 19 and o?
19
Suppose -59 = -3*z + 5*q, -5*z + 12*q + 94 = 8*q. Calculate the greatest common factor of z and 30.
6
Suppose -168 = 3*u - u. Let c = u - -196. Calculate the greatest common divisor of 16 and c.
16
Suppose i + 0*i = -6. Let u be ((-4)/5)/(i/705). Let p = u + -13. What is the greatest common divisor of 9 and p?
9
Suppose 3*s = 4*q - 14, 4*s = -1 - 7. Suppose -3*v - q = -29. Calculate the greatest common divisor of 1 and v.
1
Suppose 0*x = -2*x + 56. Let v = -59 + 101. What is the greatest common factor of v and x?
14
Let i be -2*(2 + -3)*38. Calculate the greatest common factor of i and 114.
38
Let r = 0 - 0. Let h be (-3)/(-3) + (8 - r). Suppose -63 = -5*w - 18. What is the highest common factor of w and h?
9
Let u(p) = -15*p - 41. Let z be u(-7). Calculate the highest common factor of z and 160.
32
Suppose -2*o + 6*o - 5*a = 21, 3*o - a = 13. Suppose -4*t + o = -2*h, 0 = 2*h - 2 - 2. Suppose -25 = -t*q - 7. Calculate the highest common divisor of 9 and q.
9
Let c(s) = -7*s + 10. Let z be c(-6). Calculate the highest common divisor of z and 13.
13
Let t(b) = b**3 + 2*b**2 - b - 2. Let c be t(-2). Let r = c - 2. Let p(g) = -6*g + 2. Let l be p(r). What is the highest common divisor of l and 21?
7
Let p = -79 + 121. What is the highest common factor of p and 6?
6
Let f = 87 - 39. Calculate the greatest common factor of 16 and f.
16
Let z 